 a(0)?
2, 43
Let q(r) = r**3 + 9*r**2 + 4*r. What are the prime factors of q(-4)?
2
List the prime factors of ((-18)/24)/((-2)/48).
2, 3
Let q be (-2)/((-3)/(63/6)). Let v(n) = 0 - 4*n - 5 + 5*n. List the prime factors of v(q).
2
Let f be (-1 - -3) + 4 + -1. Suppose 8 = -2*c + 3*c - f*x, 3*c - 3*x = 12. Suppose n - 44 = -c*n. List the prime factors of n.
11
Suppose -4*y - 6 = 5*m, 3*m = -5*y - 2 + 1. Let u be -8*y/(-5)*5. Let j = u + 0. List the prime factors of j.
2
Let m = -183 + 317. List the prime factors of m.
2, 67
Let l be 2 - 3 - 12/(-2). Suppose 5*u + 8 = z, -5 - l = -4*z - 2*u. Suppose n + w = z*n - 18, -32 = -4*n + 4*w. What are the prime factors of n?
2, 5
Let s = 22 - 17. Suppose 0 = -l + 2*q + 46 + 7, 15 = -s*q. What are the prime factors of l?
47
Let n = 287 - 195. List the prime factors of n.
2, 23
Let c(d) = d**2 + 8*d + 8. Suppose 20 = -4*w - 8. Let m be c(w). Suppose -m = 4*b + 3, -b = -4*l + 13. List the prime factors of l.
3
Suppose -4*m + 1427 = 83. List the prime factors of m.
2, 3, 7
Suppose -u + 3 = -1. Suppose -83 = -u*j + 1. What are the prime factors of j?
3, 7
Let y(w) = w**2 + 5*w - 9. Let x be y(-7). Let t = x + -5. Suppose t = -7*i + 4*i + 15. List the prime factors of i.
5
Let r(p) = 196*p**3 - 2*p**2 - p + 2. What are the prime factors of r(1)?
3, 5, 13
Let r be (-1)/4 + 15/(-4). Let f(z) be the second derivative of z**5/20 + 5*z**4/12 + z**3/2 + 3*z**2 - 5*z. What are the prime factors of f(r)?
2, 5
Let m(l) = l**2 - 7. Suppose 4*q + 16 = -5*u, -u = 4*q + 19 - 3. Let g be m(u). Let k = -4 - g. List the prime factors of k.
3
Let k = 253 + 41. List the prime factors of k.
2, 3, 7
Let s(z) = 24*z**2 - 1. Let u(r) = r**2. Let b(q) = s(q) + 3*u(q). What are the prime factors of b(-1)?
2, 13
Suppose -2 = -5*s + 13. Let n(d) = d**3 - 2*d**2 + 3*d + 1. List the prime factors of n(s).
19
Suppose 4*y - p + 52 = 0, p - 3*p = 4*y + 64. Let v = y - -22. What are the prime factors of v?
2
Let b = -37 + 54. What are the prime factors of b?
17
Suppose -r + 4 = -4. Suppose 4*v = 5*h - 120, 6*h = 2*h + 3*v + 95. Let f = h - r. List the prime factors of f.
2, 3
Suppose 0 = -5*x - 2*n + 140, x + n - 40 + 9 = 0. List the prime factors of x.
2, 13
Let x(d) = 3*d**3 + 2*d**2 - 2*d. Let z be x(-2). List the prime factors of z*11*1/(-3).
2, 11
Suppose 5*m - n = -0*n + 25, -n - 9 = -m. Let a = m + 32. List the prime factors of a/(-10)*10/(-3).
2, 3
Suppose 12*i + 7 = 5*i. List the prime factors of ((-18)/45)/(i/10).
2
Let c be 1/(1 - 4/3). List the prime factors of c*3/(27/(-12)).
2
Let f = -6 - -4. Let l be (f - -1)*(-1 - 2). Suppose -r - l*r = -36. What are the prime factors of r?
3
What are the prime factors of (54/(-30))/((-9)/915)?
3, 61
Let b = -4 + 11. Suppose h - 4 = -b. List the prime factors of (-6)/4*h*2.
3
Suppose -6 = 2*a - 0. What are the prime factors of (1 + 2)*(-11)/a?
11
Suppose 80 = 3*f - 34. Suppose 5*y = -p - 0*p + 65, -p + 4*y = -f. List the prime factors of p.
2, 5
Suppose -3 = f - 5. Suppose 3*d - f = 16. What are the prime factors of d?
2, 3
Suppose 80 = 5*z + 2*r, 2*z + z - 48 = -3*r. Let v = z + -10. List the prime factors of v.
2, 3
Suppose -3*w + l + 714 = 0, -2*w - 6*l + l = -476. What are the prime factors of w?
2, 7, 17
Let o = 72 - 43. List the prime factors of o.
29
Let h(k) = 8*k**2 - 1. List the prime factors of h(-1).
7
Let j(s) = -s**2 + 10*s + 10. Let y = 3 + 7. List the prime factors of j(y).
2, 5
Let a(k) = 7*k**2 - 10*k + 5. List the prime factors of a(5).
2, 5, 13
Let b be 4/(-8)*(1 - 9). Suppose -3*f + b*f = 10. Let k = f + -3. List the prime factors of k.
7
Suppose 5*z - 403 + 113 = 0. List the prime factors of z.
2, 29
Let c = -199 - -314. What are the prime factors of c?
5, 23
Let k = 29 + -17. List the prime factors of k.
2, 3
Suppose 0 = 2*c - c - 8. Let u(t) = 2*t + 5. Let z(y) = -1. Let j(l) = u(l) + 4*z(l). What are the prime factors of j(c)?
17
Suppose -4*q + 3*z + 9 = -0, 0 = z - 1. Suppose 0 = 3*v + 5*x + 10, 4*v = -2*x - q - 1. Suppose 2*c - 7*c + 20 = v. List the prime factors of c.
2
Let f(n) = -19*n**3 - n**2 + 2*n + 1. Let d be -1*(-1 - -5)/4. What are the prime factors of f(d)?
17
List the prime factors of (-9)/(-36) - 222/(-8).
2, 7
What are the prime factors of 22/5 + -4 + (-2146)/(-10)?
5, 43
What are the prime factors of ((-659)/(-9) - -3) + (-6)/27?
2, 19
Suppose 2*g = 5*y - 107, 2*y + 5*g - 7 - 59 = 0. Let b be 0/(3/1) + y. Let u = b + -15. What are the prime factors of u?
2
Suppose 186 = 5*l - 19. What are the prime factors of l?
41
Let x(j) = 9*j**3 + j**2 - 1. Let d be 10/35 + (-5)/(-7). List the prime factors of x(d).
3
Suppose 0 = -0*l - 5*l + 250. What are the prime factors of l?
2, 5
Let y be 1/(40/14 - 3). Let l = 18 + y. List the prime factors of l.
11
Suppose 0 = -4*l + 8 - 0. Suppose l*m = 17 + 5. What are the prime factors of m?
11
Let p = -39 + 42. What are the prime factors of p?
3
Suppose 0 = -6*i + 2*i - 28. Let n be 2/i - (-148)/28. Suppose -2*z - 1 = -3*w - 3, 5*w = -n*z + 30. What are the prime factors of w?
2
Let m = 15 - 8. Suppose -3*z + 4 = -4*g - m, 0 = -2*z + 5*g + 5. Suppose 52 = z*r + 12. What are the prime factors of r?
2
Let v = 494 - 326. List the prime factors of v.
2, 3, 7
Suppose -2*h = 3*y - 77, 0 = 3*h - 6*h - y + 105. What are the prime factors of h?
2, 17
What are the prime factors of 1*-6*(0 + (-412)/12)?
2, 103
Suppose 0*d - 5*d + 190 = 0. What are the prime factors of d?
2, 19
Suppose 0*w - 208 = -4*w. Suppose -4*t + w - 16 = 0. List the prime factors of t.
3
Let a = 14 - 28. What are the prime factors of (-4)/a + 246/21?
2, 3
Let f(q) = -q - 2. Let p be f(-4). Suppose 0 = 2*v - 20 - 90. Suppose -v = p*a - 7*a. List the prime factors of a.
11
Let x(b) = 3*b - 2. Suppose 4*j - 2*a + 2 = 0, -j - a = j - 9. What are the prime factors of x(j)?
2
Let h = -5 - -8. Let u(f) = 4 + 2*f**2 - 3*f - 1 + 2 - 4. List the prime factors of u(h).
2, 5
Let t(m) = 34*m - 8. List the prime factors of t(4).
2
Let w be (-4)/2 - (-50)/(-5). Let o = -8 - w. Suppose -2*l + 0 = -o. What are the prime factors of l?
2
Let d = 26 + -6. Let v = 6 + -2. Suppose 3*o = x + 2*o - v, 0 = -5*x + 4*o + d. List the prime factors of x.
2
Let m = 8 - -9. Let o = m + 12. What are the prime factors of o?
29
Let l be 8/10*10/4. Suppose l*p - 115 = -3*p. List the prime factors of p.
23
Let h(a) = a**2 + 14*a + 6. What are the prime factors of h(-14)?
2, 3
Let r(t) = 20*t**2 - 2*t - 1. Let c be r(-2). Suppose -f = -4*x + c, 3*f = -2*x + 6*f + 39. List the prime factors of x.
3, 7
Let s(z) = z**3 + 7*z**2 + 5*z - 4. Let j be 3*(2 - (-12)/(-9)). Suppose -3*g - 3*n - 17 - 10 = 0, -g = -j*n. List the prime factors of s(g).
2
Let a(g) be the second derivative of g**5/20 + g**4/12 + g**2 - g. Let o = -16 + 16. What are the prime factors of a(o)?
2
Let x(z) = z**3 + 11. Suppose 0 = 4*p - 7*p. List the prime factors of x(p).
11
Suppose 0 = d - 0*d - 3. Suppose 0 = 5*k + h + 3 - 19, -d*k = 2*h - 11. List the prime factors of k.
3
Suppose -72 = -2*x - 4*k, -4*x = 4*k - 2*k - 174. Let m = 10 + x. Suppose -5*q + 2*c = -64, -m = -2*q - 2*q + 4*c. List the prime factors of q.
2, 3
Let i be 2 + 13/(-1 + 0). Let n(j) = j**2 + 9*j - 12. What are the prime factors of n(i)?
2, 5
Let k = 274 - 81. List the prime factors of k.
193
Suppose 5*f = -10, -2*x = 3*x - 2*f - 154. What are the prime factors of x?
2, 3, 5
Suppose 4*t - 2*q = 3*q - 188, 3*t + 152 = q. Let c = t + 94. Suppose k - 47 = -4*r, -c = -4*r + 5*k - 13. List the prime factors of r.
11
Let p(r) = 6*r**2 - 2*r - 1. Let u be p(-1). Let z(i) = i - 7. Let n be z(11). Let t = u - n. What are the prime factors of t?
3
Suppose 0 = x - 2*x + 4. Let q be (-338)/(-18) - x/(-18). Suppose -m + q = 3*n + 3*m, -4 = -4*m. What are the prime factors of n?
5
Suppose 5*a - 270 = 180. Suppose 3*k + 2*k - a = 0. What are the prime factors of k?
2, 3
Suppose 0*k - 2*k = 4, -4*k + 10 = 3*c. Suppose c = 4*o - 6. What are the prime factors of o?
3
Suppose 9 = w - 2*q, 2*w + 4*q - 1 = 1. Suppose -w*x - 3 - 2 = 0. Let p = x + 17. List the prime factors of p.
2
Let a be 1/(-2) - 25/(-2). What are the prime factors of (-8)/a*(-1 + -71)?
2, 3
What are the prime factors of (90 - (0 - -1)) + 16 + -13?
2, 23
Let f be (6/(-1))/(12/(-8)). Suppose 0 = 2*m, f*l